{"id":1283,"date":"2023-08-23T12:19:51","date_gmt":"2023-08-23T10:19:51","guid":{"rendered":"https:\/\/chargeplus.totalenergies.com\/fr\/?post_type=faq&#038;p=1283"},"modified":"2024-03-12T15:04:46","modified_gmt":"2024-03-12T14:04:46","slug":"electromobilite","status":"publish","type":"faq","link":"https:\/\/chargeplus.totalenergies.com\/es\/faq\/electromobilite\/","title":{"rendered":"Qu\u2019est-ce que l\u2019\u00e9lectromobilit\u00e9 ?"},"content":{"rendered":"<div class=\"wp-post-content\"><!-- zone:zn_pagebanner [0] --><br \/>\n\t\t<!-- \/zone:zn_pagebanner [0] -->\n<\/div>\n","protected":false},"excerpt":{"rendered":"<p>L&#8217;\u00e9lectromobilit\u00e9 d\u00e9signe l&#8217;utilisation de v\u00e9hicules \u00e9lectriques ou hybrides fonctionnant gr\u00e2ce \u00e0 un moteur aliment\u00e9 par une batterie rechargeable.<\/p>\n","protected":false},"template":"","tax_faq":[17],"class_list":["post-1283","faq","type-faq","status-publish","hentry","tax_faq-mobilite","wp-sticky"],"acf":[],"yoast_head":"<!-- This site is optimized with the Yoast SEO plugin v27.5 - https:\/\/yoast.com\/product\/yoast-seo-wordpress\/ -->\n<title>L\u2019\u00e9lectromobilit\u00e9 - qu&#039;est-ce que c&#039;est et quels sont ses enjeux ? | Charge+<\/title>\n<meta name=\"description\" content=\"Retrouvez tout ce que vous devez savoir sur l&#039;\u00e9lectromobilit\u00e9 : ce que c\u2019est, ses enjeux et son impact sur la mobilit\u00e9 \u00e9lectrique en France.\" \/>\n<meta name=\"robots\" content=\"index, follow, max-snippet:-1, max-image-preview:large, max-video-preview:-1\" \/>\n<link rel=\"canonical\" href=\"https:\/\/chargeplus.totalenergies.com\/es\/faq\/electromobilite\/\" \/>\n<meta property=\"og:locale\" content=\"es_ES\" \/>\n<meta property=\"og:type\" content=\"article\" \/>\n<meta property=\"og:title\" content=\"L\u2019\u00e9lectromobilit\u00e9 - qu&#039;est-ce que c&#039;est et quels sont ses enjeux ? | Charge+\" \/>\n<meta property=\"og:description\" content=\"Retrouvez tout ce que vous devez savoir sur l&#039;\u00e9lectromobilit\u00e9 : ce que c\u2019est, ses enjeux et son impact sur la mobilit\u00e9 \u00e9lectrique en France.\" \/>\n<meta property=\"og:url\" content=\"https:\/\/chargeplus.totalenergies.com\/es\/faq\/electromobilite\/\" \/>\n<meta property=\"og:site_name\" content=\"Charge+\" \/>\n<meta property=\"article:modified_time\" content=\"2024-03-12T14:04:46+00:00\" \/>\n<meta property=\"og:image\" content=\"https:\/\/chargeplus.totalenergies.com\/wp-inside\/uploads\/2025\/05\/blc_picto-recharge_bleu-e1750334318673.png\" \/>\n\t<meta property=\"og:image:width\" content=\"150\" \/>\n\t<meta property=\"og:image:height\" content=\"150\" \/>\n\t<meta property=\"og:image:type\" content=\"image\/png\" \/>\n<meta name=\"twitter:card\" content=\"summary_large_image\" \/>\n<script type=\"application\/ld+json\" class=\"yoast-schema-graph\">{\"@context\":\"https:\\\/\\\/schema.org\",\"@graph\":[{\"@type\":\"WebPage\",\"@id\":\"https:\\\/\\\/chargeplus.totalenergies.com\\\/es\\\/faq\\\/electromobilite\\\/\",\"url\":\"https:\\\/\\\/chargeplus.totalenergies.com\\\/es\\\/faq\\\/electromobilite\\\/\",\"name\":\"L\u2019\u00e9lectromobilit\u00e9 - qu'est-ce que c'est et quels sont ses enjeux ?\",\"isPartOf\":{\"@id\":\"https:\\\/\\\/chargeplus.totalenergies.com\\\/es\\\/#website\"},\"datePublished\":\"2023-08-23T10:19:51+00:00\",\"dateModified\":\"2024-03-12T14:04:46+00:00\",\"description\":\"Retrouvez tout ce que vous devez savoir sur l'\u00e9lectromobilit\u00e9 : ce que c\u2019est, ses enjeux et son impact sur la mobilit\u00e9 \u00e9lectrique en France.\",\"breadcrumb\":{\"@id\":\"https:\\\/\\\/chargeplus.totalenergies.com\\\/es\\\/faq\\\/electromobilite\\\/#breadcrumb\"},\"inLanguage\":\"es\",\"potentialAction\":[{\"@type\":\"ReadAction\",\"target\":[\"https:\\\/\\\/chargeplus.totalenergies.com\\\/es\\\/faq\\\/electromobilite\\\/\"]}]},{\"@type\":\"BreadcrumbList\",\"@id\":\"https:\\\/\\\/chargeplus.totalenergies.com\\\/es\\\/faq\\\/electromobilite\\\/#breadcrumb\",\"itemListElement\":[{\"@type\":\"ListItem\",\"position\":1,\"name\":\"Accueil\",\"item\":\"https:\\\/\\\/chargeplus.totalenergies.com\\\/es\\\/\"},{\"@type\":\"ListItem\",\"position\":2,\"name\":\"FAQ\",\"item\":\"https:\\\/\\\/chargeplus.totalenergies.com\\\/es\\\/faq\\\/\"},{\"@type\":\"ListItem\",\"position\":3,\"name\":\"Mobilit\u00e9\",\"item\":\"https:\\\/\\\/chargeplus.totalenergies.com\\\/es\\\/faq-categorie\\\/mobilite\\\/\"},{\"@type\":\"ListItem\",\"position\":4,\"name\":\"Qu\u2019est-ce que l\u2019\u00e9lectromobilit\u00e9&#160;?\"}]},{\"@type\":\"WebSite\",\"@id\":\"https:\\\/\\\/chargeplus.totalenergies.com\\\/es\\\/#website\",\"url\":\"https:\\\/\\\/chargeplus.totalenergies.com\\\/es\\\/\",\"name\":\"Charge+\",\"description\":\"Voiture \u00e9lectrique : le guide pratique de la recharge\",\"publisher\":{\"@id\":\"https:\\\/\\\/chargeplus.totalenergies.com\\\/es\\\/#organization\"},\"potentialAction\":[{\"@type\":\"SearchAction\",\"target\":{\"@type\":\"EntryPoint\",\"urlTemplate\":\"https:\\\/\\\/chargeplus.totalenergies.com\\\/es\\\/?s={search_term_string}\"},\"query-input\":{\"@type\":\"PropertyValueSpecification\",\"valueRequired\":true,\"valueName\":\"search_term_string\"}}],\"inLanguage\":\"es\"},{\"@type\":\"Organization\",\"@id\":\"https:\\\/\\\/chargeplus.totalenergies.com\\\/es\\\/#organization\",\"name\":\"Charge+\",\"url\":\"https:\\\/\\\/chargeplus.totalenergies.com\\\/es\\\/\",\"logo\":{\"@type\":\"ImageObject\",\"inLanguage\":\"es\",\"@id\":\"https:\\\/\\\/chargeplus.totalenergies.com\\\/es\\\/#\\\/schema\\\/logo\\\/image\\\/\",\"url\":\"https:\\\/\\\/chargeplus.totalenergies.com\\\/wp-inside\\\/uploads\\\/2023\\\/07\\\/logo-borne-recharge.jpg\",\"contentUrl\":\"https:\\\/\\\/chargeplus.totalenergies.com\\\/wp-inside\\\/uploads\\\/2023\\\/07\\\/logo-borne-recharge.jpg\",\"width\":150,\"height\":150,\"caption\":\"Charge+\"},\"image\":{\"@id\":\"https:\\\/\\\/chargeplus.totalenergies.com\\\/es\\\/#\\\/schema\\\/logo\\\/image\\\/\"}}]}<\/script>\n<!-- \/ Yoast SEO plugin. -->","yoast_head_json":{"title":"L\u2019\u00e9lectromobilit\u00e9 - qu'est-ce que c'est et quels sont ses enjeux ? | Charge+","description":"Retrouvez tout ce que vous devez savoir sur l'\u00e9lectromobilit\u00e9 : ce que c\u2019est, ses enjeux et son impact sur la mobilit\u00e9 \u00e9lectrique en France.","robots":{"index":"index","follow":"follow","max-snippet":"max-snippet:-1","max-image-preview":"max-image-preview:large","max-video-preview":"max-video-preview:-1"},"canonical":"https:\/\/chargeplus.totalenergies.com\/es\/faq\/electromobilite\/","og_locale":"es_ES","og_type":"article","og_title":"L\u2019\u00e9lectromobilit\u00e9 - qu'est-ce que c'est et quels sont ses enjeux ? | Charge+","og_description":"Retrouvez tout ce que vous devez savoir sur l'\u00e9lectromobilit\u00e9 : ce que c\u2019est, ses enjeux et son impact sur la mobilit\u00e9 \u00e9lectrique en France.","og_url":"https:\/\/chargeplus.totalenergies.com\/es\/faq\/electromobilite\/","og_site_name":"Charge+","article_modified_time":"2024-03-12T14:04:46+00:00","og_image":[{"width":150,"height":150,"url":"https:\/\/chargeplus.totalenergies.com\/wp-inside\/uploads\/2025\/05\/blc_picto-recharge_bleu-e1750334318673.png","type":"image\/png"}],"twitter_card":"summary_large_image","schema":{"@context":"https:\/\/schema.org","@graph":[{"@type":"WebPage","@id":"https:\/\/chargeplus.totalenergies.com\/es\/faq\/electromobilite\/","url":"https:\/\/chargeplus.totalenergies.com\/es\/faq\/electromobilite\/","name":"L\u2019\u00e9lectromobilit\u00e9 - qu'est-ce que c'est et quels sont ses enjeux ?","isPartOf":{"@id":"https:\/\/chargeplus.totalenergies.com\/es\/#website"},"datePublished":"2023-08-23T10:19:51+00:00","dateModified":"2024-03-12T14:04:46+00:00","description":"Retrouvez tout ce que vous devez savoir sur l'\u00e9lectromobilit\u00e9 : ce que c\u2019est, ses enjeux et son impact sur la mobilit\u00e9 \u00e9lectrique en France.","breadcrumb":{"@id":"https:\/\/chargeplus.totalenergies.com\/es\/faq\/electromobilite\/#breadcrumb"},"inLanguage":"es","potentialAction":[{"@type":"ReadAction","target":["https:\/\/chargeplus.totalenergies.com\/es\/faq\/electromobilite\/"]}]},{"@type":"BreadcrumbList","@id":"https:\/\/chargeplus.totalenergies.com\/es\/faq\/electromobilite\/#breadcrumb","itemListElement":[{"@type":"ListItem","position":1,"name":"Accueil","item":"https:\/\/chargeplus.totalenergies.com\/es\/"},{"@type":"ListItem","position":2,"name":"FAQ","item":"https:\/\/chargeplus.totalenergies.com\/es\/faq\/"},{"@type":"ListItem","position":3,"name":"Mobilit\u00e9","item":"https:\/\/chargeplus.totalenergies.com\/es\/faq-categorie\/mobilite\/"},{"@type":"ListItem","position":4,"name":"Qu\u2019est-ce que l\u2019\u00e9lectromobilit\u00e9&#160;?"}]},{"@type":"WebSite","@id":"https:\/\/chargeplus.totalenergies.com\/es\/#website","url":"https:\/\/chargeplus.totalenergies.com\/es\/","name":"Charge+","description":"Voiture \u00e9lectrique : le guide pratique de la recharge","publisher":{"@id":"https:\/\/chargeplus.totalenergies.com\/es\/#organization"},"potentialAction":[{"@type":"SearchAction","target":{"@type":"EntryPoint","urlTemplate":"https:\/\/chargeplus.totalenergies.com\/es\/?s={search_term_string}"},"query-input":{"@type":"PropertyValueSpecification","valueRequired":true,"valueName":"search_term_string"}}],"inLanguage":"es"},{"@type":"Organization","@id":"https:\/\/chargeplus.totalenergies.com\/es\/#organization","name":"Charge+","url":"https:\/\/chargeplus.totalenergies.com\/es\/","logo":{"@type":"ImageObject","inLanguage":"es","@id":"https:\/\/chargeplus.totalenergies.com\/es\/#\/schema\/logo\/image\/","url":"https:\/\/chargeplus.totalenergies.com\/wp-inside\/uploads\/2023\/07\/logo-borne-recharge.jpg","contentUrl":"https:\/\/chargeplus.totalenergies.com\/wp-inside\/uploads\/2023\/07\/logo-borne-recharge.jpg","width":150,"height":150,"caption":"Charge+"},"image":{"@id":"https:\/\/chargeplus.totalenergies.com\/es\/#\/schema\/logo\/image\/"}}]}},"_links":{"self":[{"href":"https:\/\/chargeplus.totalenergies.com\/es\/wp-json\/wp\/v2\/faq\/1283","targetHints":{"allow":["GET"]}}],"collection":[{"href":"https:\/\/chargeplus.totalenergies.com\/es\/wp-json\/wp\/v2\/faq"}],"about":[{"href":"https:\/\/chargeplus.totalenergies.com\/es\/wp-json\/wp\/v2\/types\/faq"}],"version-history":[{"count":4,"href":"https:\/\/chargeplus.totalenergies.com\/es\/wp-json\/wp\/v2\/faq\/1283\/revisions"}],"predecessor-version":[{"id":2767,"href":"https:\/\/chargeplus.totalenergies.com\/es\/wp-json\/wp\/v2\/faq\/1283\/revisions\/2767"}],"wp:attachment":[{"href":"https:\/\/chargeplus.totalenergies.com\/es\/wp-json\/wp\/v2\/media?parent=1283"}],"wp:term":[{"taxonomy":"tax_faq","embeddable":true,"href":"https:\/\/chargeplus.totalenergies.com\/es\/wp-json\/wp\/v2\/tax_faq?post=1283"}],"curies":[{"name":"wp","href":"https:\/\/api.w.org\/{rel}","templated":true}]}}

Qu’est-ce que l’électromobilité ?

<p>L&#8217;électromobilité désigne l&#8217;utilisation de véhicules électriques ou hybrides fonctionnant grâce à un moteur alimenté par une batterie rechargeable.</p>

<!-- This site is optimized with the Yoast SEO plugin v27.5 - https://yoast.com/product/yoast-seo-wordpress/ -->
<title>L’électromobilité - qu&#039;est-ce que c&#039;est et quels sont ses enjeux ? | Charge+</title>
<meta name="description" content="Retrouvez tout ce que vous devez savoir sur l&#039;électromobilité : ce que c’est, ses enjeux et son impact sur la mobilité électrique en France." />
<meta name="robots" content="index, follow, max-snippet:-1, max-image-preview:large, max-video-preview:-1" />
<link rel="canonical" href="https://chargeplus.totalenergies.com/es/faq/electromobilite/" />
<meta property="og:locale" content="es_ES" />
<meta property="og:type" content="article" />
<meta property="og:title" content="L’électromobilité - qu&#039;est-ce que c&#039;est et quels sont ses enjeux ? | Charge+" />
<meta property="og:description" content="Retrouvez tout ce que vous devez savoir sur l&#039;électromobilité : ce que c’est, ses enjeux et son impact sur la mobilité électrique en France." />
<meta property="og:url" content="https://chargeplus.totalenergies.com/es/faq/electromobilite/" />
<meta property="og:site_name" content="Charge+" />
<meta property="article:modified_time" content="2024-03-12T14:04:46+00:00" />
<meta property="og:image" content="https://chargeplus.totalenergies.com/wp-inside/uploads/2025/05/blc_picto-recharge_bleu-e1750334318673.png" />
	<meta property="og:image:width" content="150" />
	<meta property="og:image:height" content="150" />
	<meta property="og:image:type" content="image/png" />
<meta name="twitter:card" content="summary_large_image" />
<script type="application/ld+json" class="yoast-schema-graph">{"@context":"https:\/\/schema.org","@graph":[{"@type":"WebPage","@id":"https:\/\/chargeplus.totalenergies.com\/es\/faq\/electromobilite\/","url":"https:\/\/chargeplus.totalenergies.com\/es\/faq\/electromobilite\/","name":"L’électromobilité - qu'est-ce que c'est et quels sont ses enjeux ?","isPartOf":{"@id":"https:\/\/chargeplus.totalenergies.com\/es\/#website"},"datePublished":"2023-08-23T10:19:51+00:00","dateModified":"2024-03-12T14:04:46+00:00","description":"Retrouvez tout ce que vous devez savoir sur l'électromobilité : ce que c’est, ses enjeux et son impact sur la mobilité électrique en France.","breadcrumb":{"@id":"https:\/\/chargeplus.totalenergies.com\/es\/faq\/electromobilite\/#breadcrumb"},"inLanguage":"es","potentialAction":[{"@type":"ReadAction","target":["https:\/\/chargeplus.totalenergies.com\/es\/faq\/electromobilite\/"]}]},{"@type":"BreadcrumbList","@id":"https:\/\/chargeplus.totalenergies.com\/es\/faq\/electromobilite\/#breadcrumb","itemListElement":[{"@type":"ListItem","position":1,"name":"Accueil","item":"https:\/\/chargeplus.totalenergies.com\/es\/"},{"@type":"ListItem","position":2,"name":"FAQ","item":"https:\/\/chargeplus.totalenergies.com\/es\/faq\/"},{"@type":"ListItem","position":3,"name":"Mobilité","item":"https:\/\/chargeplus.totalenergies.com\/es\/faq-categorie\/mobilite\/"},{"@type":"ListItem","position":4,"name":"Qu’est-ce que l’électromobilité&#160;?"}]},{"@type":"WebSite","@id":"https:\/\/chargeplus.totalenergies.com\/es\/#website","url":"https:\/\/chargeplus.totalenergies.com\/es\/","name":"Charge+","description":"Voiture électrique : le guide pratique de la recharge","publisher":{"@id":"https:\/\/chargeplus.totalenergies.com\/es\/#organization"},"potentialAction":[{"@type":"SearchAction","target":{"@type":"EntryPoint","urlTemplate":"https:\/\/chargeplus.totalenergies.com\/es\/?s={search_term_string}"},"query-input":{"@type":"PropertyValueSpecification","valueRequired":true,"valueName":"search_term_string"}}],"inLanguage":"es"},{"@type":"Organization","@id":"https:\/\/chargeplus.totalenergies.com\/es\/#organization","name":"Charge+","url":"https:\/\/chargeplus.totalenergies.com\/es\/","logo":{"@type":"ImageObject","inLanguage":"es","@id":"https:\/\/chargeplus.totalenergies.com\/es\/#\/schema\/logo\/image\/","url":"https:\/\/chargeplus.totalenergies.com\/wp-inside\/uploads\/2023\/07\/logo-borne-recharge.jpg","contentUrl":"https:\/\/chargeplus.totalenergies.com\/wp-inside\/uploads\/2023\/07\/logo-borne-recharge.jpg","width":150,"height":150,"caption":"Charge+"},"image":{"@id":"https:\/\/chargeplus.totalenergies.com\/es\/#\/schema\/logo\/image\/"}}]}</script>
<!-- / Yoast SEO plugin. -->

L’électromobilité - qu'est-ce que c'est et quels sont ses enjeux ? | Charge+

Retrouvez tout ce que vous devez savoir sur l'électromobilité : ce que c’est, ses enjeux et son impact sur la mobilité électrique en France.

L’électromobilité - qu'est-ce que c'est et quels sont ses enjeux ?

Mobilité

Qu’est-ce que l’électromobilité&#160;?

Voiture électrique : le guide pratique de la recharge
