{"id":1289,"date":"2023-08-23T12:28:39","date_gmt":"2023-08-23T10:28:39","guid":{"rendered":"https:\/\/chargeplus.totalenergies.com\/fr\/?post_type=faq&#038;p=1289"},"modified":"2024-03-06T14:01:04","modified_gmt":"2024-03-06T13:01:04","slug":"ecomobilite","status":"publish","type":"faq","link":"https:\/\/chargeplus.totalenergies.com\/es\/faq\/ecomobilite\/","title":{"rendered":"\u00c9comobilit\u00e9 : des modes de transport plus durables"},"content":{"rendered":"<div class=\"wp-post-content\"><!-- zone:zn_pagebanner [0] --><br \/>\n\t\t<!-- \/zone:zn_pagebanner [0] -->\n<\/div>\n","protected":false},"excerpt":{"rendered":"<p>L\u2019\u00e9comobilit\u00e9 fait r\u00e9f\u00e9rence \u00e0 l\u2019ensemble des modes de d\u00e9placement plus respectueux de l\u2019environnement, en alternative aux v\u00e9hicules thermiques individuels.<\/p>\n","protected":false},"template":"","tax_faq":[17],"class_list":["post-1289","faq","type-faq","status-publish","hentry","tax_faq-mobilite","wp-sticky"],"acf":[],"yoast_head":"<!-- This site is optimized with the Yoast SEO plugin v27.5 - https:\/\/yoast.com\/product\/yoast-seo-wordpress\/ -->\n<title>\u00c9comobilit\u00e9 : des modes de transport plus durables | Charge+<\/title>\n<meta name=\"description\" content=\"D\u00e9couvrez tout ce que vous devez savoir sur le sujet de l&#039;\u00e9comobilit\u00e9. La solution pour r\u00e9pondre aux enjeux environnementaux et am\u00e9liorer la qualit\u00e9 de vie en ville.\" \/>\n<meta name=\"robots\" content=\"index, follow, max-snippet:-1, max-image-preview:large, max-video-preview:-1\" \/>\n<link rel=\"canonical\" href=\"https:\/\/chargeplus.totalenergies.com\/es\/faq\/ecomobilite\/\" \/>\n<meta property=\"og:locale\" content=\"es_ES\" \/>\n<meta property=\"og:type\" content=\"article\" \/>\n<meta property=\"og:title\" content=\"\u00c9comobilit\u00e9 : des modes de transport plus durables | Charge+\" \/>\n<meta property=\"og:description\" content=\"D\u00e9couvrez tout ce que vous devez savoir sur le sujet de l&#039;\u00e9comobilit\u00e9. La solution pour r\u00e9pondre aux enjeux environnementaux et am\u00e9liorer la qualit\u00e9 de vie en ville.\" \/>\n<meta property=\"og:url\" content=\"https:\/\/chargeplus.totalenergies.com\/es\/faq\/ecomobilite\/\" \/>\n<meta property=\"og:site_name\" content=\"Charge+\" \/>\n<meta property=\"article:modified_time\" content=\"2024-03-06T13:01:04+00:00\" \/>\n<meta property=\"og:image\" content=\"https:\/\/chargeplus.totalenergies.com\/wp-inside\/uploads\/2025\/05\/blc_picto-recharge_bleu-e1750334318673.png\" \/>\n\t<meta property=\"og:image:width\" content=\"150\" \/>\n\t<meta property=\"og:image:height\" content=\"150\" \/>\n\t<meta property=\"og:image:type\" content=\"image\/png\" \/>\n<meta name=\"twitter:card\" content=\"summary_large_image\" \/>\n<script type=\"application\/ld+json\" class=\"yoast-schema-graph\">{\"@context\":\"https:\\\/\\\/schema.org\",\"@graph\":[{\"@type\":\"WebPage\",\"@id\":\"https:\\\/\\\/chargeplus.totalenergies.com\\\/es\\\/faq\\\/ecomobilite\\\/\",\"url\":\"https:\\\/\\\/chargeplus.totalenergies.com\\\/es\\\/faq\\\/ecomobilite\\\/\",\"name\":\"\u00c9comobilit\u00e9 : des modes de transport plus durables\",\"isPartOf\":{\"@id\":\"https:\\\/\\\/chargeplus.totalenergies.com\\\/es\\\/#website\"},\"datePublished\":\"2023-08-23T10:28:39+00:00\",\"dateModified\":\"2024-03-06T13:01:04+00:00\",\"description\":\"D\u00e9couvrez tout ce que vous devez savoir sur le sujet de l'\u00e9comobilit\u00e9. La solution pour r\u00e9pondre aux enjeux environnementaux et am\u00e9liorer la qualit\u00e9 de vie en ville.\",\"breadcrumb\":{\"@id\":\"https:\\\/\\\/chargeplus.totalenergies.com\\\/es\\\/faq\\\/ecomobilite\\\/#breadcrumb\"},\"inLanguage\":\"es\",\"potentialAction\":[{\"@type\":\"ReadAction\",\"target\":[\"https:\\\/\\\/chargeplus.totalenergies.com\\\/es\\\/faq\\\/ecomobilite\\\/\"]}]},{\"@type\":\"BreadcrumbList\",\"@id\":\"https:\\\/\\\/chargeplus.totalenergies.com\\\/es\\\/faq\\\/ecomobilite\\\/#breadcrumb\",\"itemListElement\":[{\"@type\":\"ListItem\",\"position\":1,\"name\":\"Accueil\",\"item\":\"https:\\\/\\\/chargeplus.totalenergies.com\\\/es\\\/\"},{\"@type\":\"ListItem\",\"position\":2,\"name\":\"FAQ\",\"item\":\"https:\\\/\\\/chargeplus.totalenergies.com\\\/es\\\/faq\\\/\"},{\"@type\":\"ListItem\",\"position\":3,\"name\":\"Mobilit\u00e9\",\"item\":\"https:\\\/\\\/chargeplus.totalenergies.com\\\/es\\\/faq-categorie\\\/mobilite\\\/\"},{\"@type\":\"ListItem\",\"position\":4,\"name\":\"\u00c9comobilit\u00e9&#160;: des modes de transport plus durables\"}]},{\"@type\":\"WebSite\",\"@id\":\"https:\\\/\\\/chargeplus.totalenergies.com\\\/es\\\/#website\",\"url\":\"https:\\\/\\\/chargeplus.totalenergies.com\\\/es\\\/\",\"name\":\"Charge+\",\"description\":\"Voiture \u00e9lectrique : le guide pratique de la recharge\",\"publisher\":{\"@id\":\"https:\\\/\\\/chargeplus.totalenergies.com\\\/es\\\/#organization\"},\"potentialAction\":[{\"@type\":\"SearchAction\",\"target\":{\"@type\":\"EntryPoint\",\"urlTemplate\":\"https:\\\/\\\/chargeplus.totalenergies.com\\\/es\\\/?s={search_term_string}\"},\"query-input\":{\"@type\":\"PropertyValueSpecification\",\"valueRequired\":true,\"valueName\":\"search_term_string\"}}],\"inLanguage\":\"es\"},{\"@type\":\"Organization\",\"@id\":\"https:\\\/\\\/chargeplus.totalenergies.com\\\/es\\\/#organization\",\"name\":\"Charge+\",\"url\":\"https:\\\/\\\/chargeplus.totalenergies.com\\\/es\\\/\",\"logo\":{\"@type\":\"ImageObject\",\"inLanguage\":\"es\",\"@id\":\"https:\\\/\\\/chargeplus.totalenergies.com\\\/es\\\/#\\\/schema\\\/logo\\\/image\\\/\",\"url\":\"https:\\\/\\\/chargeplus.totalenergies.com\\\/wp-inside\\\/uploads\\\/2023\\\/07\\\/logo-borne-recharge.jpg\",\"contentUrl\":\"https:\\\/\\\/chargeplus.totalenergies.com\\\/wp-inside\\\/uploads\\\/2023\\\/07\\\/logo-borne-recharge.jpg\",\"width\":150,\"height\":150,\"caption\":\"Charge+\"},\"image\":{\"@id\":\"https:\\\/\\\/chargeplus.totalenergies.com\\\/es\\\/#\\\/schema\\\/logo\\\/image\\\/\"}}]}<\/script>\n<!-- \/ Yoast SEO plugin. -->","yoast_head_json":{"title":"\u00c9comobilit\u00e9 : des modes de transport plus durables | Charge+","description":"D\u00e9couvrez tout ce que vous devez savoir sur le sujet de l'\u00e9comobilit\u00e9. La solution pour r\u00e9pondre aux enjeux environnementaux et am\u00e9liorer la qualit\u00e9 de vie en ville.","robots":{"index":"index","follow":"follow","max-snippet":"max-snippet:-1","max-image-preview":"max-image-preview:large","max-video-preview":"max-video-preview:-1"},"canonical":"https:\/\/chargeplus.totalenergies.com\/es\/faq\/ecomobilite\/","og_locale":"es_ES","og_type":"article","og_title":"\u00c9comobilit\u00e9 : des modes de transport plus durables | Charge+","og_description":"D\u00e9couvrez tout ce que vous devez savoir sur le sujet de l'\u00e9comobilit\u00e9. La solution pour r\u00e9pondre aux enjeux environnementaux et am\u00e9liorer la qualit\u00e9 de vie en ville.","og_url":"https:\/\/chargeplus.totalenergies.com\/es\/faq\/ecomobilite\/","og_site_name":"Charge+","article_modified_time":"2024-03-06T13:01:04+00:00","og_image":[{"width":150,"height":150,"url":"https:\/\/chargeplus.totalenergies.com\/wp-inside\/uploads\/2025\/05\/blc_picto-recharge_bleu-e1750334318673.png","type":"image\/png"}],"twitter_card":"summary_large_image","schema":{"@context":"https:\/\/schema.org","@graph":[{"@type":"WebPage","@id":"https:\/\/chargeplus.totalenergies.com\/es\/faq\/ecomobilite\/","url":"https:\/\/chargeplus.totalenergies.com\/es\/faq\/ecomobilite\/","name":"\u00c9comobilit\u00e9 : des modes de transport plus durables","isPartOf":{"@id":"https:\/\/chargeplus.totalenergies.com\/es\/#website"},"datePublished":"2023-08-23T10:28:39+00:00","dateModified":"2024-03-06T13:01:04+00:00","description":"D\u00e9couvrez tout ce que vous devez savoir sur le sujet de l'\u00e9comobilit\u00e9. La solution pour r\u00e9pondre aux enjeux environnementaux et am\u00e9liorer la qualit\u00e9 de vie en ville.","breadcrumb":{"@id":"https:\/\/chargeplus.totalenergies.com\/es\/faq\/ecomobilite\/#breadcrumb"},"inLanguage":"es","potentialAction":[{"@type":"ReadAction","target":["https:\/\/chargeplus.totalenergies.com\/es\/faq\/ecomobilite\/"]}]},{"@type":"BreadcrumbList","@id":"https:\/\/chargeplus.totalenergies.com\/es\/faq\/ecomobilite\/#breadcrumb","itemListElement":[{"@type":"ListItem","position":1,"name":"Accueil","item":"https:\/\/chargeplus.totalenergies.com\/es\/"},{"@type":"ListItem","position":2,"name":"FAQ","item":"https:\/\/chargeplus.totalenergies.com\/es\/faq\/"},{"@type":"ListItem","position":3,"name":"Mobilit\u00e9","item":"https:\/\/chargeplus.totalenergies.com\/es\/faq-categorie\/mobilite\/"},{"@type":"ListItem","position":4,"name":"\u00c9comobilit\u00e9&#160;: des modes de transport plus durables"}]},{"@type":"WebSite","@id":"https:\/\/chargeplus.totalenergies.com\/es\/#website","url":"https:\/\/chargeplus.totalenergies.com\/es\/","name":"Charge+","description":"Voiture \u00e9lectrique : le guide pratique de la recharge","publisher":{"@id":"https:\/\/chargeplus.totalenergies.com\/es\/#organization"},"potentialAction":[{"@type":"SearchAction","target":{"@type":"EntryPoint","urlTemplate":"https:\/\/chargeplus.totalenergies.com\/es\/?s={search_term_string}"},"query-input":{"@type":"PropertyValueSpecification","valueRequired":true,"valueName":"search_term_string"}}],"inLanguage":"es"},{"@type":"Organization","@id":"https:\/\/chargeplus.totalenergies.com\/es\/#organization","name":"Charge+","url":"https:\/\/chargeplus.totalenergies.com\/es\/","logo":{"@type":"ImageObject","inLanguage":"es","@id":"https:\/\/chargeplus.totalenergies.com\/es\/#\/schema\/logo\/image\/","url":"https:\/\/chargeplus.totalenergies.com\/wp-inside\/uploads\/2023\/07\/logo-borne-recharge.jpg","contentUrl":"https:\/\/chargeplus.totalenergies.com\/wp-inside\/uploads\/2023\/07\/logo-borne-recharge.jpg","width":150,"height":150,"caption":"Charge+"},"image":{"@id":"https:\/\/chargeplus.totalenergies.com\/es\/#\/schema\/logo\/image\/"}}]}},"_links":{"self":[{"href":"https:\/\/chargeplus.totalenergies.com\/es\/wp-json\/wp\/v2\/faq\/1289","targetHints":{"allow":["GET"]}}],"collection":[{"href":"https:\/\/chargeplus.totalenergies.com\/es\/wp-json\/wp\/v2\/faq"}],"about":[{"href":"https:\/\/chargeplus.totalenergies.com\/es\/wp-json\/wp\/v2\/types\/faq"}],"version-history":[{"count":3,"href":"https:\/\/chargeplus.totalenergies.com\/es\/wp-json\/wp\/v2\/faq\/1289\/revisions"}],"predecessor-version":[{"id":1442,"href":"https:\/\/chargeplus.totalenergies.com\/es\/wp-json\/wp\/v2\/faq\/1289\/revisions\/1442"}],"wp:attachment":[{"href":"https:\/\/chargeplus.totalenergies.com\/es\/wp-json\/wp\/v2\/media?parent=1289"}],"wp:term":[{"taxonomy":"tax_faq","embeddable":true,"href":"https:\/\/chargeplus.totalenergies.com\/es\/wp-json\/wp\/v2\/tax_faq?post=1289"}],"curies":[{"name":"wp","href":"https:\/\/api.w.org\/{rel}","templated":true}]}}

Écomobilité : des modes de transport plus durables

<p>L’écomobilité fait référence à l’ensemble des modes de déplacement plus respectueux de l’environnement, en alternative aux véhicules thermiques individuels.</p>

<!-- This site is optimized with the Yoast SEO plugin v27.5 - https://yoast.com/product/yoast-seo-wordpress/ -->
<title>Écomobilité : des modes de transport plus durables | Charge+</title>
<meta name="description" content="Découvrez tout ce que vous devez savoir sur le sujet de l&#039;écomobilité. La solution pour répondre aux enjeux environnementaux et améliorer la qualité de vie en ville." />
<meta name="robots" content="index, follow, max-snippet:-1, max-image-preview:large, max-video-preview:-1" />
<link rel="canonical" href="https://chargeplus.totalenergies.com/es/faq/ecomobilite/" />
<meta property="og:locale" content="es_ES" />
<meta property="og:type" content="article" />
<meta property="og:title" content="Écomobilité : des modes de transport plus durables | Charge+" />
<meta property="og:description" content="Découvrez tout ce que vous devez savoir sur le sujet de l&#039;écomobilité. La solution pour répondre aux enjeux environnementaux et améliorer la qualité de vie en ville." />
<meta property="og:url" content="https://chargeplus.totalenergies.com/es/faq/ecomobilite/" />
<meta property="og:site_name" content="Charge+" />
<meta property="article:modified_time" content="2024-03-06T13:01:04+00:00" />
<meta property="og:image" content="https://chargeplus.totalenergies.com/wp-inside/uploads/2025/05/blc_picto-recharge_bleu-e1750334318673.png" />
	<meta property="og:image:width" content="150" />
	<meta property="og:image:height" content="150" />
	<meta property="og:image:type" content="image/png" />
<meta name="twitter:card" content="summary_large_image" />
<script type="application/ld+json" class="yoast-schema-graph">{"@context":"https:\/\/schema.org","@graph":[{"@type":"WebPage","@id":"https:\/\/chargeplus.totalenergies.com\/es\/faq\/ecomobilite\/","url":"https:\/\/chargeplus.totalenergies.com\/es\/faq\/ecomobilite\/","name":"Écomobilité : des modes de transport plus durables","isPartOf":{"@id":"https:\/\/chargeplus.totalenergies.com\/es\/#website"},"datePublished":"2023-08-23T10:28:39+00:00","dateModified":"2024-03-06T13:01:04+00:00","description":"Découvrez tout ce que vous devez savoir sur le sujet de l'écomobilité. La solution pour répondre aux enjeux environnementaux et améliorer la qualité de vie en ville.","breadcrumb":{"@id":"https:\/\/chargeplus.totalenergies.com\/es\/faq\/ecomobilite\/#breadcrumb"},"inLanguage":"es","potentialAction":[{"@type":"ReadAction","target":["https:\/\/chargeplus.totalenergies.com\/es\/faq\/ecomobilite\/"]}]},{"@type":"BreadcrumbList","@id":"https:\/\/chargeplus.totalenergies.com\/es\/faq\/ecomobilite\/#breadcrumb","itemListElement":[{"@type":"ListItem","position":1,"name":"Accueil","item":"https:\/\/chargeplus.totalenergies.com\/es\/"},{"@type":"ListItem","position":2,"name":"FAQ","item":"https:\/\/chargeplus.totalenergies.com\/es\/faq\/"},{"@type":"ListItem","position":3,"name":"Mobilité","item":"https:\/\/chargeplus.totalenergies.com\/es\/faq-categorie\/mobilite\/"},{"@type":"ListItem","position":4,"name":"Écomobilité&#160;: des modes de transport plus durables"}]},{"@type":"WebSite","@id":"https:\/\/chargeplus.totalenergies.com\/es\/#website","url":"https:\/\/chargeplus.totalenergies.com\/es\/","name":"Charge+","description":"Voiture électrique : le guide pratique de la recharge","publisher":{"@id":"https:\/\/chargeplus.totalenergies.com\/es\/#organization"},"potentialAction":[{"@type":"SearchAction","target":{"@type":"EntryPoint","urlTemplate":"https:\/\/chargeplus.totalenergies.com\/es\/?s={search_term_string}"},"query-input":{"@type":"PropertyValueSpecification","valueRequired":true,"valueName":"search_term_string"}}],"inLanguage":"es"},{"@type":"Organization","@id":"https:\/\/chargeplus.totalenergies.com\/es\/#organization","name":"Charge+","url":"https:\/\/chargeplus.totalenergies.com\/es\/","logo":{"@type":"ImageObject","inLanguage":"es","@id":"https:\/\/chargeplus.totalenergies.com\/es\/#\/schema\/logo\/image\/","url":"https:\/\/chargeplus.totalenergies.com\/wp-inside\/uploads\/2023\/07\/logo-borne-recharge.jpg","contentUrl":"https:\/\/chargeplus.totalenergies.com\/wp-inside\/uploads\/2023\/07\/logo-borne-recharge.jpg","width":150,"height":150,"caption":"Charge+"},"image":{"@id":"https:\/\/chargeplus.totalenergies.com\/es\/#\/schema\/logo\/image\/"}}]}</script>
<!-- / Yoast SEO plugin. -->

Écomobilité : des modes de transport plus durables | Charge+

Découvrez tout ce que vous devez savoir sur le sujet de l'écomobilité. La solution pour répondre aux enjeux environnementaux et améliorer la qualité de vie en ville.

Mobilité

Écomobilité&#160;: des modes de transport plus durables

Voiture électrique : le guide pratique de la recharge
