{"id":1320,"date":"2023-08-23T14:56:52","date_gmt":"2023-08-23T12:56:52","guid":{"rendered":"https:\/\/chargeplus.totalenergies.com\/fr\/?post_type=faq&#038;p=1320"},"modified":"2024-03-13T09:03:39","modified_gmt":"2024-03-13T08:03:39","slug":"loi-lom","status":"publish","type":"faq","link":"https:\/\/chargeplus.totalenergies.com\/es\/faq\/loi-lom\/","title":{"rendered":"Qu&#8217;est-ce que la loi LOM ?"},"content":{"rendered":"<div class=\"wp-post-content\"><!-- zone:zn_pagebanner [0] --><br \/>\n\t\t<!-- \/zone:zn_pagebanner [0] -->\n<\/div>\n","protected":false},"excerpt":{"rendered":"<p>La Loi d\u2019Orientation des Mobilit\u00e9s, plus connus sous l\u2019acronyme \u00ab\u00a0loi LOM\u00a0\u00bb, vise \u00e0 promouvoir une mobilit\u00e9 plus durable et \u00e9cologique.<\/p>\n","protected":false},"template":"","tax_faq":[20],"class_list":["post-1320","faq","type-faq","status-publish","hentry","tax_faq-reglementations","wp-sticky"],"acf":[],"yoast_head":"<!-- This site is optimized with the Yoast SEO plugin v27.5 - https:\/\/yoast.com\/product\/yoast-seo-wordpress\/ -->\n<title>Tout savoir sur la loi LOM | Charge+<\/title>\n<meta name=\"description\" content=\"D\u00e9couvrez les mesures de la loi LOM (Loi d\u2019Orientation des Mobilit\u00e9s). L&#039;objectif est d&#039;encourager le d\u00e9veloppement des d\u00e9placements quotidiens plus \u00e9cologiques.\" \/>\n<meta name=\"robots\" content=\"index, follow, max-snippet:-1, max-image-preview:large, max-video-preview:-1\" \/>\n<link rel=\"canonical\" href=\"https:\/\/chargeplus.totalenergies.com\/es\/faq\/loi-lom\/\" \/>\n<meta property=\"og:locale\" content=\"es_ES\" \/>\n<meta property=\"og:type\" content=\"article\" \/>\n<meta property=\"og:title\" content=\"Tout savoir sur la loi LOM | Charge+\" \/>\n<meta property=\"og:description\" content=\"D\u00e9couvrez les mesures de la loi LOM (Loi d\u2019Orientation des Mobilit\u00e9s). L&#039;objectif est d&#039;encourager le d\u00e9veloppement des d\u00e9placements quotidiens plus \u00e9cologiques.\" \/>\n<meta property=\"og:url\" content=\"https:\/\/chargeplus.totalenergies.com\/es\/faq\/loi-lom\/\" \/>\n<meta property=\"og:site_name\" content=\"Charge+\" \/>\n<meta property=\"article:modified_time\" content=\"2024-03-13T08:03:39+00:00\" \/>\n<meta property=\"og:image\" content=\"https:\/\/chargeplus.totalenergies.com\/wp-inside\/uploads\/2025\/05\/blc_picto-recharge_bleu-e1750334318673.png\" \/>\n\t<meta property=\"og:image:width\" content=\"150\" \/>\n\t<meta property=\"og:image:height\" content=\"150\" \/>\n\t<meta property=\"og:image:type\" content=\"image\/png\" \/>\n<meta name=\"twitter:card\" content=\"summary_large_image\" \/>\n<script type=\"application\/ld+json\" class=\"yoast-schema-graph\">{\"@context\":\"https:\\\/\\\/schema.org\",\"@graph\":[{\"@type\":\"WebPage\",\"@id\":\"https:\\\/\\\/chargeplus.totalenergies.com\\\/es\\\/faq\\\/loi-lom\\\/\",\"url\":\"https:\\\/\\\/chargeplus.totalenergies.com\\\/es\\\/faq\\\/loi-lom\\\/\",\"name\":\"Tout savoir sur la loi LOM\",\"isPartOf\":{\"@id\":\"https:\\\/\\\/chargeplus.totalenergies.com\\\/es\\\/#website\"},\"datePublished\":\"2023-08-23T12:56:52+00:00\",\"dateModified\":\"2024-03-13T08:03:39+00:00\",\"description\":\"D\u00e9couvrez les mesures de la loi LOM (Loi d\u2019Orientation des Mobilit\u00e9s). L'objectif est d'encourager le d\u00e9veloppement des d\u00e9placements quotidiens plus \u00e9cologiques.\",\"breadcrumb\":{\"@id\":\"https:\\\/\\\/chargeplus.totalenergies.com\\\/es\\\/faq\\\/loi-lom\\\/#breadcrumb\"},\"inLanguage\":\"es\",\"potentialAction\":[{\"@type\":\"ReadAction\",\"target\":[\"https:\\\/\\\/chargeplus.totalenergies.com\\\/es\\\/faq\\\/loi-lom\\\/\"]}]},{\"@type\":\"BreadcrumbList\",\"@id\":\"https:\\\/\\\/chargeplus.totalenergies.com\\\/es\\\/faq\\\/loi-lom\\\/#breadcrumb\",\"itemListElement\":[{\"@type\":\"ListItem\",\"position\":1,\"name\":\"Accueil\",\"item\":\"https:\\\/\\\/chargeplus.totalenergies.com\\\/es\\\/\"},{\"@type\":\"ListItem\",\"position\":2,\"name\":\"FAQ\",\"item\":\"https:\\\/\\\/chargeplus.totalenergies.com\\\/es\\\/faq\\\/\"},{\"@type\":\"ListItem\",\"position\":3,\"name\":\"R\u00e9glementations\",\"item\":\"https:\\\/\\\/chargeplus.totalenergies.com\\\/es\\\/faq-categorie\\\/reglementations\\\/\"},{\"@type\":\"ListItem\",\"position\":4,\"name\":\"Qu&rsquo;est-ce que la loi LOM&#160;?\"}]},{\"@type\":\"WebSite\",\"@id\":\"https:\\\/\\\/chargeplus.totalenergies.com\\\/es\\\/#website\",\"url\":\"https:\\\/\\\/chargeplus.totalenergies.com\\\/es\\\/\",\"name\":\"Charge+\",\"description\":\"Voiture \u00e9lectrique : le guide pratique de la recharge\",\"publisher\":{\"@id\":\"https:\\\/\\\/chargeplus.totalenergies.com\\\/es\\\/#organization\"},\"potentialAction\":[{\"@type\":\"SearchAction\",\"target\":{\"@type\":\"EntryPoint\",\"urlTemplate\":\"https:\\\/\\\/chargeplus.totalenergies.com\\\/es\\\/?s={search_term_string}\"},\"query-input\":{\"@type\":\"PropertyValueSpecification\",\"valueRequired\":true,\"valueName\":\"search_term_string\"}}],\"inLanguage\":\"es\"},{\"@type\":\"Organization\",\"@id\":\"https:\\\/\\\/chargeplus.totalenergies.com\\\/es\\\/#organization\",\"name\":\"Charge+\",\"url\":\"https:\\\/\\\/chargeplus.totalenergies.com\\\/es\\\/\",\"logo\":{\"@type\":\"ImageObject\",\"inLanguage\":\"es\",\"@id\":\"https:\\\/\\\/chargeplus.totalenergies.com\\\/es\\\/#\\\/schema\\\/logo\\\/image\\\/\",\"url\":\"https:\\\/\\\/chargeplus.totalenergies.com\\\/wp-inside\\\/uploads\\\/2023\\\/07\\\/logo-borne-recharge.jpg\",\"contentUrl\":\"https:\\\/\\\/chargeplus.totalenergies.com\\\/wp-inside\\\/uploads\\\/2023\\\/07\\\/logo-borne-recharge.jpg\",\"width\":150,\"height\":150,\"caption\":\"Charge+\"},\"image\":{\"@id\":\"https:\\\/\\\/chargeplus.totalenergies.com\\\/es\\\/#\\\/schema\\\/logo\\\/image\\\/\"}}]}<\/script>\n<!-- \/ Yoast SEO plugin. -->","yoast_head_json":{"title":"Tout savoir sur la loi LOM | Charge+","description":"D\u00e9couvrez les mesures de la loi LOM (Loi d\u2019Orientation des Mobilit\u00e9s). L'objectif est d'encourager le d\u00e9veloppement des d\u00e9placements quotidiens plus \u00e9cologiques.","robots":{"index":"index","follow":"follow","max-snippet":"max-snippet:-1","max-image-preview":"max-image-preview:large","max-video-preview":"max-video-preview:-1"},"canonical":"https:\/\/chargeplus.totalenergies.com\/es\/faq\/loi-lom\/","og_locale":"es_ES","og_type":"article","og_title":"Tout savoir sur la loi LOM | Charge+","og_description":"D\u00e9couvrez les mesures de la loi LOM (Loi d\u2019Orientation des Mobilit\u00e9s). L'objectif est d'encourager le d\u00e9veloppement des d\u00e9placements quotidiens plus \u00e9cologiques.","og_url":"https:\/\/chargeplus.totalenergies.com\/es\/faq\/loi-lom\/","og_site_name":"Charge+","article_modified_time":"2024-03-13T08:03:39+00:00","og_image":[{"width":150,"height":150,"url":"https:\/\/chargeplus.totalenergies.com\/wp-inside\/uploads\/2025\/05\/blc_picto-recharge_bleu-e1750334318673.png","type":"image\/png"}],"twitter_card":"summary_large_image","schema":{"@context":"https:\/\/schema.org","@graph":[{"@type":"WebPage","@id":"https:\/\/chargeplus.totalenergies.com\/es\/faq\/loi-lom\/","url":"https:\/\/chargeplus.totalenergies.com\/es\/faq\/loi-lom\/","name":"Tout savoir sur la loi LOM","isPartOf":{"@id":"https:\/\/chargeplus.totalenergies.com\/es\/#website"},"datePublished":"2023-08-23T12:56:52+00:00","dateModified":"2024-03-13T08:03:39+00:00","description":"D\u00e9couvrez les mesures de la loi LOM (Loi d\u2019Orientation des Mobilit\u00e9s). L'objectif est d'encourager le d\u00e9veloppement des d\u00e9placements quotidiens plus \u00e9cologiques.","breadcrumb":{"@id":"https:\/\/chargeplus.totalenergies.com\/es\/faq\/loi-lom\/#breadcrumb"},"inLanguage":"es","potentialAction":[{"@type":"ReadAction","target":["https:\/\/chargeplus.totalenergies.com\/es\/faq\/loi-lom\/"]}]},{"@type":"BreadcrumbList","@id":"https:\/\/chargeplus.totalenergies.com\/es\/faq\/loi-lom\/#breadcrumb","itemListElement":[{"@type":"ListItem","position":1,"name":"Accueil","item":"https:\/\/chargeplus.totalenergies.com\/es\/"},{"@type":"ListItem","position":2,"name":"FAQ","item":"https:\/\/chargeplus.totalenergies.com\/es\/faq\/"},{"@type":"ListItem","position":3,"name":"R\u00e9glementations","item":"https:\/\/chargeplus.totalenergies.com\/es\/faq-categorie\/reglementations\/"},{"@type":"ListItem","position":4,"name":"Qu&rsquo;est-ce que la loi LOM&#160;?"}]},{"@type":"WebSite","@id":"https:\/\/chargeplus.totalenergies.com\/es\/#website","url":"https:\/\/chargeplus.totalenergies.com\/es\/","name":"Charge+","description":"Voiture \u00e9lectrique : le guide pratique de la recharge","publisher":{"@id":"https:\/\/chargeplus.totalenergies.com\/es\/#organization"},"potentialAction":[{"@type":"SearchAction","target":{"@type":"EntryPoint","urlTemplate":"https:\/\/chargeplus.totalenergies.com\/es\/?s={search_term_string}"},"query-input":{"@type":"PropertyValueSpecification","valueRequired":true,"valueName":"search_term_string"}}],"inLanguage":"es"},{"@type":"Organization","@id":"https:\/\/chargeplus.totalenergies.com\/es\/#organization","name":"Charge+","url":"https:\/\/chargeplus.totalenergies.com\/es\/","logo":{"@type":"ImageObject","inLanguage":"es","@id":"https:\/\/chargeplus.totalenergies.com\/es\/#\/schema\/logo\/image\/","url":"https:\/\/chargeplus.totalenergies.com\/wp-inside\/uploads\/2023\/07\/logo-borne-recharge.jpg","contentUrl":"https:\/\/chargeplus.totalenergies.com\/wp-inside\/uploads\/2023\/07\/logo-borne-recharge.jpg","width":150,"height":150,"caption":"Charge+"},"image":{"@id":"https:\/\/chargeplus.totalenergies.com\/es\/#\/schema\/logo\/image\/"}}]}},"_links":{"self":[{"href":"https:\/\/chargeplus.totalenergies.com\/es\/wp-json\/wp\/v2\/faq\/1320","targetHints":{"allow":["GET"]}}],"collection":[{"href":"https:\/\/chargeplus.totalenergies.com\/es\/wp-json\/wp\/v2\/faq"}],"about":[{"href":"https:\/\/chargeplus.totalenergies.com\/es\/wp-json\/wp\/v2\/types\/faq"}],"version-history":[{"count":7,"href":"https:\/\/chargeplus.totalenergies.com\/es\/wp-json\/wp\/v2\/faq\/1320\/revisions"}],"predecessor-version":[{"id":2778,"href":"https:\/\/chargeplus.totalenergies.com\/es\/wp-json\/wp\/v2\/faq\/1320\/revisions\/2778"}],"wp:attachment":[{"href":"https:\/\/chargeplus.totalenergies.com\/es\/wp-json\/wp\/v2\/media?parent=1320"}],"wp:term":[{"taxonomy":"tax_faq","embeddable":true,"href":"https:\/\/chargeplus.totalenergies.com\/es\/wp-json\/wp\/v2\/tax_faq?post=1320"}],"curies":[{"name":"wp","href":"https:\/\/api.w.org\/{rel}","templated":true}]}}

<p>La Loi d’Orientation des Mobilités, plus connus sous l’acronyme « loi LOM », vise à promouvoir une mobilité plus durable et écologique.</p>

<!-- This site is optimized with the Yoast SEO plugin v27.5 - https://yoast.com/product/yoast-seo-wordpress/ -->
<title>Tout savoir sur la loi LOM | Charge+</title>
<meta name="description" content="Découvrez les mesures de la loi LOM (Loi d’Orientation des Mobilités). L&#039;objectif est d&#039;encourager le développement des déplacements quotidiens plus écologiques." />
<meta name="robots" content="index, follow, max-snippet:-1, max-image-preview:large, max-video-preview:-1" />
<link rel="canonical" href="https://chargeplus.totalenergies.com/es/faq/loi-lom/" />
<meta property="og:locale" content="es_ES" />
<meta property="og:type" content="article" />
<meta property="og:title" content="Tout savoir sur la loi LOM | Charge+" />
<meta property="og:description" content="Découvrez les mesures de la loi LOM (Loi d’Orientation des Mobilités). L&#039;objectif est d&#039;encourager le développement des déplacements quotidiens plus écologiques." />
<meta property="og:url" content="https://chargeplus.totalenergies.com/es/faq/loi-lom/" />
<meta property="og:site_name" content="Charge+" />
<meta property="article:modified_time" content="2024-03-13T08:03:39+00:00" />
<meta property="og:image" content="https://chargeplus.totalenergies.com/wp-inside/uploads/2025/05/blc_picto-recharge_bleu-e1750334318673.png" />
	<meta property="og:image:width" content="150" />
	<meta property="og:image:height" content="150" />
	<meta property="og:image:type" content="image/png" />
<meta name="twitter:card" content="summary_large_image" />
<script type="application/ld+json" class="yoast-schema-graph">{"@context":"https:\/\/schema.org","@graph":[{"@type":"WebPage","@id":"https:\/\/chargeplus.totalenergies.com\/es\/faq\/loi-lom\/","url":"https:\/\/chargeplus.totalenergies.com\/es\/faq\/loi-lom\/","name":"Tout savoir sur la loi LOM","isPartOf":{"@id":"https:\/\/chargeplus.totalenergies.com\/es\/#website"},"datePublished":"2023-08-23T12:56:52+00:00","dateModified":"2024-03-13T08:03:39+00:00","description":"Découvrez les mesures de la loi LOM (Loi d’Orientation des Mobilités). L'objectif est d'encourager le développement des déplacements quotidiens plus écologiques.","breadcrumb":{"@id":"https:\/\/chargeplus.totalenergies.com\/es\/faq\/loi-lom\/#breadcrumb"},"inLanguage":"es","potentialAction":[{"@type":"ReadAction","target":["https:\/\/chargeplus.totalenergies.com\/es\/faq\/loi-lom\/"]}]},{"@type":"BreadcrumbList","@id":"https:\/\/chargeplus.totalenergies.com\/es\/faq\/loi-lom\/#breadcrumb","itemListElement":[{"@type":"ListItem","position":1,"name":"Accueil","item":"https:\/\/chargeplus.totalenergies.com\/es\/"},{"@type":"ListItem","position":2,"name":"FAQ","item":"https:\/\/chargeplus.totalenergies.com\/es\/faq\/"},{"@type":"ListItem","position":3,"name":"Réglementations","item":"https:\/\/chargeplus.totalenergies.com\/es\/faq-categorie\/reglementations\/"},{"@type":"ListItem","position":4,"name":"Qu&rsquo;est-ce que la loi LOM&#160;?"}]},{"@type":"WebSite","@id":"https:\/\/chargeplus.totalenergies.com\/es\/#website","url":"https:\/\/chargeplus.totalenergies.com\/es\/","name":"Charge+","description":"Voiture électrique : le guide pratique de la recharge","publisher":{"@id":"https:\/\/chargeplus.totalenergies.com\/es\/#organization"},"potentialAction":[{"@type":"SearchAction","target":{"@type":"EntryPoint","urlTemplate":"https:\/\/chargeplus.totalenergies.com\/es\/?s={search_term_string}"},"query-input":{"@type":"PropertyValueSpecification","valueRequired":true,"valueName":"search_term_string"}}],"inLanguage":"es"},{"@type":"Organization","@id":"https:\/\/chargeplus.totalenergies.com\/es\/#organization","name":"Charge+","url":"https:\/\/chargeplus.totalenergies.com\/es\/","logo":{"@type":"ImageObject","inLanguage":"es","@id":"https:\/\/chargeplus.totalenergies.com\/es\/#\/schema\/logo\/image\/","url":"https:\/\/chargeplus.totalenergies.com\/wp-inside\/uploads\/2023\/07\/logo-borne-recharge.jpg","contentUrl":"https:\/\/chargeplus.totalenergies.com\/wp-inside\/uploads\/2023\/07\/logo-borne-recharge.jpg","width":150,"height":150,"caption":"Charge+"},"image":{"@id":"https:\/\/chargeplus.totalenergies.com\/es\/#\/schema\/logo\/image\/"}}]}</script>
<!-- / Yoast SEO plugin. -->

Découvrez les mesures de la loi LOM (Loi d’Orientation des Mobilités). L'objectif est d'encourager le développement des déplacements quotidiens plus écologiques.

Réglementations

Voiture électrique : le guide pratique de la recharge
