{"id":1406,"date":"2023-08-24T15:28:27","date_gmt":"2023-08-24T13:28:27","guid":{"rendered":"https:\/\/chargeplus.totalenergies.com\/fr\/?post_type=faq&#038;p=1406"},"modified":"2024-03-12T15:12:22","modified_gmt":"2024-03-12T14:12:22","slug":"afirev","status":"publish","type":"faq","link":"https:\/\/chargeplus.totalenergies.com\/es\/faq\/afirev\/","title":{"rendered":"Qu&#8217;est-ce que l&#8217;AFIREV ?"},"content":{"rendered":"<div class=\"wp-post-content\"><!-- zone:zn_pagebanner [0] --><br \/>\n\t\t<!-- \/zone:zn_pagebanner [0] -->\n<\/div>\n","protected":false},"excerpt":{"rendered":"<p>L\u2019Association Fran\u00e7aise pour l\u2019Itin\u00e9rance de la Recharge \u00c9lectrique des V\u00e9hicules (AFIREV) a \u00e9t\u00e9 fond\u00e9e en 2015 par 7 acteurs majeurs de la mobilit\u00e9 \u00e9lectrique.<\/p>\n","protected":false},"template":"","tax_faq":[19],"class_list":["post-1406","faq","type-faq","status-publish","hentry","tax_faq-acteurs-electromobilite","wp-sticky"],"acf":[],"yoast_head":"<!-- This site is optimized with the Yoast SEO plugin v27.5 - https:\/\/yoast.com\/product\/yoast-seo-wordpress\/ -->\n<title>AFIREV : l&#039;organisme qui fa\u00e7onne l&#039;avenir de la recharge | Charge+<\/title>\n<meta name=\"description\" content=\"Objectifs, implication, avanc\u00e9es... On vous explique tout ce qu&#039;il faut savoir sur l&#039;AFIREV, un acteur cl\u00e9 dans la transition vers l&#039;\u00e9lectrique.\" \/>\n<meta name=\"robots\" content=\"index, follow, max-snippet:-1, max-image-preview:large, max-video-preview:-1\" \/>\n<link rel=\"canonical\" href=\"https:\/\/chargeplus.totalenergies.com\/es\/faq\/afirev\/\" \/>\n<meta property=\"og:locale\" content=\"es_ES\" \/>\n<meta property=\"og:type\" content=\"article\" \/>\n<meta property=\"og:title\" content=\"AFIREV : l&#039;organisme qui fa\u00e7onne l&#039;avenir de la recharge | Charge+\" \/>\n<meta property=\"og:description\" content=\"Objectifs, implication, avanc\u00e9es... On vous explique tout ce qu&#039;il faut savoir sur l&#039;AFIREV, un acteur cl\u00e9 dans la transition vers l&#039;\u00e9lectrique.\" \/>\n<meta property=\"og:url\" content=\"https:\/\/chargeplus.totalenergies.com\/es\/faq\/afirev\/\" \/>\n<meta property=\"og:site_name\" content=\"Charge+\" \/>\n<meta property=\"article:modified_time\" content=\"2024-03-12T14:12:22+00:00\" \/>\n<meta property=\"og:image\" content=\"https:\/\/chargeplus.totalenergies.com\/wp-inside\/uploads\/2025\/05\/blc_picto-recharge_bleu-e1750334318673.png\" \/>\n\t<meta property=\"og:image:width\" content=\"150\" \/>\n\t<meta property=\"og:image:height\" content=\"150\" \/>\n\t<meta property=\"og:image:type\" content=\"image\/png\" \/>\n<meta name=\"twitter:card\" content=\"summary_large_image\" \/>\n<script type=\"application\/ld+json\" class=\"yoast-schema-graph\">{\"@context\":\"https:\\\/\\\/schema.org\",\"@graph\":[{\"@type\":\"WebPage\",\"@id\":\"https:\\\/\\\/chargeplus.totalenergies.com\\\/es\\\/faq\\\/afirev\\\/\",\"url\":\"https:\\\/\\\/chargeplus.totalenergies.com\\\/es\\\/faq\\\/afirev\\\/\",\"name\":\"AFIREV : l'organisme qui fa\u00e7onne l'avenir de la recharge\",\"isPartOf\":{\"@id\":\"https:\\\/\\\/chargeplus.totalenergies.com\\\/es\\\/#website\"},\"datePublished\":\"2023-08-24T13:28:27+00:00\",\"dateModified\":\"2024-03-12T14:12:22+00:00\",\"description\":\"Objectifs, implication, avanc\u00e9es... On vous explique tout ce qu'il faut savoir sur l'AFIREV, un acteur cl\u00e9 dans la transition vers l'\u00e9lectrique.\",\"breadcrumb\":{\"@id\":\"https:\\\/\\\/chargeplus.totalenergies.com\\\/es\\\/faq\\\/afirev\\\/#breadcrumb\"},\"inLanguage\":\"es\",\"potentialAction\":[{\"@type\":\"ReadAction\",\"target\":[\"https:\\\/\\\/chargeplus.totalenergies.com\\\/es\\\/faq\\\/afirev\\\/\"]}]},{\"@type\":\"BreadcrumbList\",\"@id\":\"https:\\\/\\\/chargeplus.totalenergies.com\\\/es\\\/faq\\\/afirev\\\/#breadcrumb\",\"itemListElement\":[{\"@type\":\"ListItem\",\"position\":1,\"name\":\"Accueil\",\"item\":\"https:\\\/\\\/chargeplus.totalenergies.com\\\/es\\\/\"},{\"@type\":\"ListItem\",\"position\":2,\"name\":\"FAQ\",\"item\":\"https:\\\/\\\/chargeplus.totalenergies.com\\\/es\\\/faq\\\/\"},{\"@type\":\"ListItem\",\"position\":3,\"name\":\"Acteurs de l'\u00e9lectromobilit\u00e9\",\"item\":\"https:\\\/\\\/chargeplus.totalenergies.com\\\/es\\\/faq-categorie\\\/acteurs-electromobilite\\\/\"},{\"@type\":\"ListItem\",\"position\":4,\"name\":\"Qu&rsquo;est-ce que l&rsquo;AFIREV&#160;?\"}]},{\"@type\":\"WebSite\",\"@id\":\"https:\\\/\\\/chargeplus.totalenergies.com\\\/es\\\/#website\",\"url\":\"https:\\\/\\\/chargeplus.totalenergies.com\\\/es\\\/\",\"name\":\"Charge+\",\"description\":\"Voiture \u00e9lectrique : le guide pratique de la recharge\",\"publisher\":{\"@id\":\"https:\\\/\\\/chargeplus.totalenergies.com\\\/es\\\/#organization\"},\"potentialAction\":[{\"@type\":\"SearchAction\",\"target\":{\"@type\":\"EntryPoint\",\"urlTemplate\":\"https:\\\/\\\/chargeplus.totalenergies.com\\\/es\\\/?s={search_term_string}\"},\"query-input\":{\"@type\":\"PropertyValueSpecification\",\"valueRequired\":true,\"valueName\":\"search_term_string\"}}],\"inLanguage\":\"es\"},{\"@type\":\"Organization\",\"@id\":\"https:\\\/\\\/chargeplus.totalenergies.com\\\/es\\\/#organization\",\"name\":\"Charge+\",\"url\":\"https:\\\/\\\/chargeplus.totalenergies.com\\\/es\\\/\",\"logo\":{\"@type\":\"ImageObject\",\"inLanguage\":\"es\",\"@id\":\"https:\\\/\\\/chargeplus.totalenergies.com\\\/es\\\/#\\\/schema\\\/logo\\\/image\\\/\",\"url\":\"https:\\\/\\\/chargeplus.totalenergies.com\\\/wp-inside\\\/uploads\\\/2023\\\/07\\\/logo-borne-recharge.jpg\",\"contentUrl\":\"https:\\\/\\\/chargeplus.totalenergies.com\\\/wp-inside\\\/uploads\\\/2023\\\/07\\\/logo-borne-recharge.jpg\",\"width\":150,\"height\":150,\"caption\":\"Charge+\"},\"image\":{\"@id\":\"https:\\\/\\\/chargeplus.totalenergies.com\\\/es\\\/#\\\/schema\\\/logo\\\/image\\\/\"}}]}<\/script>\n<!-- \/ Yoast SEO plugin. -->","yoast_head_json":{"title":"AFIREV : l'organisme qui fa\u00e7onne l'avenir de la recharge | Charge+","description":"Objectifs, implication, avanc\u00e9es... On vous explique tout ce qu'il faut savoir sur l'AFIREV, un acteur cl\u00e9 dans la transition vers l'\u00e9lectrique.","robots":{"index":"index","follow":"follow","max-snippet":"max-snippet:-1","max-image-preview":"max-image-preview:large","max-video-preview":"max-video-preview:-1"},"canonical":"https:\/\/chargeplus.totalenergies.com\/es\/faq\/afirev\/","og_locale":"es_ES","og_type":"article","og_title":"AFIREV : l'organisme qui fa\u00e7onne l'avenir de la recharge | Charge+","og_description":"Objectifs, implication, avanc\u00e9es... On vous explique tout ce qu'il faut savoir sur l'AFIREV, un acteur cl\u00e9 dans la transition vers l'\u00e9lectrique.","og_url":"https:\/\/chargeplus.totalenergies.com\/es\/faq\/afirev\/","og_site_name":"Charge+","article_modified_time":"2024-03-12T14:12:22+00:00","og_image":[{"width":150,"height":150,"url":"https:\/\/chargeplus.totalenergies.com\/wp-inside\/uploads\/2025\/05\/blc_picto-recharge_bleu-e1750334318673.png","type":"image\/png"}],"twitter_card":"summary_large_image","schema":{"@context":"https:\/\/schema.org","@graph":[{"@type":"WebPage","@id":"https:\/\/chargeplus.totalenergies.com\/es\/faq\/afirev\/","url":"https:\/\/chargeplus.totalenergies.com\/es\/faq\/afirev\/","name":"AFIREV : l'organisme qui fa\u00e7onne l'avenir de la recharge","isPartOf":{"@id":"https:\/\/chargeplus.totalenergies.com\/es\/#website"},"datePublished":"2023-08-24T13:28:27+00:00","dateModified":"2024-03-12T14:12:22+00:00","description":"Objectifs, implication, avanc\u00e9es... On vous explique tout ce qu'il faut savoir sur l'AFIREV, un acteur cl\u00e9 dans la transition vers l'\u00e9lectrique.","breadcrumb":{"@id":"https:\/\/chargeplus.totalenergies.com\/es\/faq\/afirev\/#breadcrumb"},"inLanguage":"es","potentialAction":[{"@type":"ReadAction","target":["https:\/\/chargeplus.totalenergies.com\/es\/faq\/afirev\/"]}]},{"@type":"BreadcrumbList","@id":"https:\/\/chargeplus.totalenergies.com\/es\/faq\/afirev\/#breadcrumb","itemListElement":[{"@type":"ListItem","position":1,"name":"Accueil","item":"https:\/\/chargeplus.totalenergies.com\/es\/"},{"@type":"ListItem","position":2,"name":"FAQ","item":"https:\/\/chargeplus.totalenergies.com\/es\/faq\/"},{"@type":"ListItem","position":3,"name":"Acteurs de l'\u00e9lectromobilit\u00e9","item":"https:\/\/chargeplus.totalenergies.com\/es\/faq-categorie\/acteurs-electromobilite\/"},{"@type":"ListItem","position":4,"name":"Qu&rsquo;est-ce que l&rsquo;AFIREV&#160;?"}]},{"@type":"WebSite","@id":"https:\/\/chargeplus.totalenergies.com\/es\/#website","url":"https:\/\/chargeplus.totalenergies.com\/es\/","name":"Charge+","description":"Voiture \u00e9lectrique : le guide pratique de la recharge","publisher":{"@id":"https:\/\/chargeplus.totalenergies.com\/es\/#organization"},"potentialAction":[{"@type":"SearchAction","target":{"@type":"EntryPoint","urlTemplate":"https:\/\/chargeplus.totalenergies.com\/es\/?s={search_term_string}"},"query-input":{"@type":"PropertyValueSpecification","valueRequired":true,"valueName":"search_term_string"}}],"inLanguage":"es"},{"@type":"Organization","@id":"https:\/\/chargeplus.totalenergies.com\/es\/#organization","name":"Charge+","url":"https:\/\/chargeplus.totalenergies.com\/es\/","logo":{"@type":"ImageObject","inLanguage":"es","@id":"https:\/\/chargeplus.totalenergies.com\/es\/#\/schema\/logo\/image\/","url":"https:\/\/chargeplus.totalenergies.com\/wp-inside\/uploads\/2023\/07\/logo-borne-recharge.jpg","contentUrl":"https:\/\/chargeplus.totalenergies.com\/wp-inside\/uploads\/2023\/07\/logo-borne-recharge.jpg","width":150,"height":150,"caption":"Charge+"},"image":{"@id":"https:\/\/chargeplus.totalenergies.com\/es\/#\/schema\/logo\/image\/"}}]}},"_links":{"self":[{"href":"https:\/\/chargeplus.totalenergies.com\/es\/wp-json\/wp\/v2\/faq\/1406","targetHints":{"allow":["GET"]}}],"collection":[{"href":"https:\/\/chargeplus.totalenergies.com\/es\/wp-json\/wp\/v2\/faq"}],"about":[{"href":"https:\/\/chargeplus.totalenergies.com\/es\/wp-json\/wp\/v2\/types\/faq"}],"version-history":[{"count":10,"href":"https:\/\/chargeplus.totalenergies.com\/es\/wp-json\/wp\/v2\/faq\/1406\/revisions"}],"predecessor-version":[{"id":2773,"href":"https:\/\/chargeplus.totalenergies.com\/es\/wp-json\/wp\/v2\/faq\/1406\/revisions\/2773"}],"wp:attachment":[{"href":"https:\/\/chargeplus.totalenergies.com\/es\/wp-json\/wp\/v2\/media?parent=1406"}],"wp:term":[{"taxonomy":"tax_faq","embeddable":true,"href":"https:\/\/chargeplus.totalenergies.com\/es\/wp-json\/wp\/v2\/tax_faq?post=1406"}],"curies":[{"name":"wp","href":"https:\/\/api.w.org\/{rel}","templated":true}]}}

<p>L’Association Française pour l’Itinérance de la Recharge Électrique des Véhicules (AFIREV) a été fondée en 2015 par 7 acteurs majeurs de la mobilité électrique.</p>

<!-- This site is optimized with the Yoast SEO plugin v27.5 - https://yoast.com/product/yoast-seo-wordpress/ -->
<title>AFIREV : l&#039;organisme qui façonne l&#039;avenir de la recharge | Charge+</title>
<meta name="description" content="Objectifs, implication, avancées... On vous explique tout ce qu&#039;il faut savoir sur l&#039;AFIREV, un acteur clé dans la transition vers l&#039;électrique." />
<meta name="robots" content="index, follow, max-snippet:-1, max-image-preview:large, max-video-preview:-1" />
<link rel="canonical" href="https://chargeplus.totalenergies.com/es/faq/afirev/" />
<meta property="og:locale" content="es_ES" />
<meta property="og:type" content="article" />
<meta property="og:title" content="AFIREV : l&#039;organisme qui façonne l&#039;avenir de la recharge | Charge+" />
<meta property="og:description" content="Objectifs, implication, avancées... On vous explique tout ce qu&#039;il faut savoir sur l&#039;AFIREV, un acteur clé dans la transition vers l&#039;électrique." />
<meta property="og:url" content="https://chargeplus.totalenergies.com/es/faq/afirev/" />
<meta property="og:site_name" content="Charge+" />
<meta property="article:modified_time" content="2024-03-12T14:12:22+00:00" />
<meta property="og:image" content="https://chargeplus.totalenergies.com/wp-inside/uploads/2025/05/blc_picto-recharge_bleu-e1750334318673.png" />
	<meta property="og:image:width" content="150" />
	<meta property="og:image:height" content="150" />
	<meta property="og:image:type" content="image/png" />
<meta name="twitter:card" content="summary_large_image" />
<script type="application/ld+json" class="yoast-schema-graph">{"@context":"https:\/\/schema.org","@graph":[{"@type":"WebPage","@id":"https:\/\/chargeplus.totalenergies.com\/es\/faq\/afirev\/","url":"https:\/\/chargeplus.totalenergies.com\/es\/faq\/afirev\/","name":"AFIREV : l'organisme qui façonne l'avenir de la recharge","isPartOf":{"@id":"https:\/\/chargeplus.totalenergies.com\/es\/#website"},"datePublished":"2023-08-24T13:28:27+00:00","dateModified":"2024-03-12T14:12:22+00:00","description":"Objectifs, implication, avancées... On vous explique tout ce qu'il faut savoir sur l'AFIREV, un acteur clé dans la transition vers l'électrique.","breadcrumb":{"@id":"https:\/\/chargeplus.totalenergies.com\/es\/faq\/afirev\/#breadcrumb"},"inLanguage":"es","potentialAction":[{"@type":"ReadAction","target":["https:\/\/chargeplus.totalenergies.com\/es\/faq\/afirev\/"]}]},{"@type":"BreadcrumbList","@id":"https:\/\/chargeplus.totalenergies.com\/es\/faq\/afirev\/#breadcrumb","itemListElement":[{"@type":"ListItem","position":1,"name":"Accueil","item":"https:\/\/chargeplus.totalenergies.com\/es\/"},{"@type":"ListItem","position":2,"name":"FAQ","item":"https:\/\/chargeplus.totalenergies.com\/es\/faq\/"},{"@type":"ListItem","position":3,"name":"Acteurs de l'électromobilité","item":"https:\/\/chargeplus.totalenergies.com\/es\/faq-categorie\/acteurs-electromobilite\/"},{"@type":"ListItem","position":4,"name":"Qu&rsquo;est-ce que l&rsquo;AFIREV&#160;?"}]},{"@type":"WebSite","@id":"https:\/\/chargeplus.totalenergies.com\/es\/#website","url":"https:\/\/chargeplus.totalenergies.com\/es\/","name":"Charge+","description":"Voiture électrique : le guide pratique de la recharge","publisher":{"@id":"https:\/\/chargeplus.totalenergies.com\/es\/#organization"},"potentialAction":[{"@type":"SearchAction","target":{"@type":"EntryPoint","urlTemplate":"https:\/\/chargeplus.totalenergies.com\/es\/?s={search_term_string}"},"query-input":{"@type":"PropertyValueSpecification","valueRequired":true,"valueName":"search_term_string"}}],"inLanguage":"es"},{"@type":"Organization","@id":"https:\/\/chargeplus.totalenergies.com\/es\/#organization","name":"Charge+","url":"https:\/\/chargeplus.totalenergies.com\/es\/","logo":{"@type":"ImageObject","inLanguage":"es","@id":"https:\/\/chargeplus.totalenergies.com\/es\/#\/schema\/logo\/image\/","url":"https:\/\/chargeplus.totalenergies.com\/wp-inside\/uploads\/2023\/07\/logo-borne-recharge.jpg","contentUrl":"https:\/\/chargeplus.totalenergies.com\/wp-inside\/uploads\/2023\/07\/logo-borne-recharge.jpg","width":150,"height":150,"caption":"Charge+"},"image":{"@id":"https:\/\/chargeplus.totalenergies.com\/es\/#\/schema\/logo\/image\/"}}]}</script>
<!-- / Yoast SEO plugin. -->

AFIREV : l'organisme qui façonne l'avenir de la recharge | Charge+

Objectifs, implication, avancées... On vous explique tout ce qu'il faut savoir sur l'AFIREV, un acteur clé dans la transition vers l'électrique.

AFIREV : l'organisme qui façonne l'avenir de la recharge

Acteurs de l'électromobilité

Voiture électrique : le guide pratique de la recharge
